{"id":36,"date":"2013-04-29T17:26:05","date_gmt":"2013-04-29T15:26:05","guid":{"rendered":"http:\/\/www.beweisaufnahme-homoeopathie.de\/Blog\/?page_id=36"},"modified":"2020-01-13T16:45:56","modified_gmt":"2020-01-13T15:45:56","slug":"impressum-kontakt","status":"publish","type":"page","link":"http:\/\/www.beweisaufnahme-homoeopathie.de\/?page_id=36","title":{"rendered":"Impressum \/ Kontakt"},"content":{"rendered":"<div class=\"shariff shariff-align-flex-start shariff-widget-align-flex-start\" data-services=\"facebook%7Ctwitter\" data-url=\"http%3A%2F%2Fwww.beweisaufnahme-homoeopathie.de%2F%3Fpage_id%3D36\" data-timestamp=\"1578933956\" data-hidezero=\"1\" data-backendurl=\"?rest_route=\/shariff\/v1\/share_counts&\"><ul class=\"shariff-buttons theme-default wcag_colors orientation-horizontal buttonsize-small\"><li class=\"shariff-button facebook shariff-nocustomcolor\" style=\"background-color:#000\"><a href=\"https:\/\/www.facebook.com\/sharer\/sharer.php?u=http%3A%2F%2Fwww.beweisaufnahme-homoeopathie.de%2F%3Fpage_id%3D36\" title=\"Bei Facebook teilen\" aria-label=\"Bei Facebook teilen\" role=\"button\" rel=\"nofollow\" class=\"shariff-link\" style=\"; background-color:#38548F; color:#fff\" target=\"_blank\"><span class=\"shariff-icon\" style=\"\"><svg width=\"32px\" height=\"20px\" xmlns=\"http:\/\/www.w3.org\/2000\/svg\" viewBox=\"0 0 18 32\"><path fill=\"#3b5998\" d=\"M17.1 0.2v4.7h-2.8q-1.5 0-2.1 0.6t-0.5 1.9v3.4h5.2l-0.7 5.3h-4.5v13.6h-5.5v-13.6h-4.5v-5.3h4.5v-3.9q0-3.3 1.9-5.2t5-1.8q2.6 0 4.1 0.2z\"\/><\/svg><\/span><span class=\"shariff-text\">teilen<\/span>&nbsp;<span data-service=\"facebook\" style=\"color:#38548F\" class=\"shariff-count\"> 3<\/span>&nbsp;<\/a><\/li><li class=\"shariff-button twitter shariff-nocustomcolor\" style=\"background-color:#000\"><a href=\"https:\/\/twitter.com\/share?url=http%3A%2F%2Fwww.beweisaufnahme-homoeopathie.de%2F%3Fpage_id%3D36&text=Impressum%20%2F%20Kontakt\" title=\"Bei Twitter teilen\" aria-label=\"Bei Twitter teilen\" role=\"button\" rel=\"noopener nofollow\" class=\"shariff-link\" style=\"; background-color:#115A92; color:#fff\" target=\"_blank\"><span class=\"shariff-icon\" style=\"\"><svg width=\"32px\" height=\"20px\" xmlns=\"http:\/\/www.w3.org\/2000\/svg\" viewBox=\"0 0 30 32\"><path fill=\"#55acee\" d=\"M29.7 6.8q-1.2 1.8-3 3.1 0 0.3 0 0.8 0 2.5-0.7 4.9t-2.2 4.7-3.5 4-4.9 2.8-6.1 1q-5.1 0-9.3-2.7 0.6 0.1 1.5 0.1 4.3 0 7.6-2.6-2-0.1-3.5-1.2t-2.2-3q0.6 0.1 1.1 0.1 0.8 0 1.6-0.2-2.1-0.4-3.5-2.1t-1.4-3.9v-0.1q1.3 0.7 2.8 0.8-1.2-0.8-2-2.2t-0.7-2.9q0-1.7 0.8-3.1 2.3 2.8 5.5 4.5t7 1.9q-0.2-0.7-0.2-1.4 0-2.5 1.8-4.3t4.3-1.8q2.7 0 4.5 1.9 2.1-0.4 3.9-1.5-0.7 2.2-2.7 3.4 1.8-0.2 3.5-0.9z\"\/><\/svg><\/span><span class=\"shariff-text\">twittern<\/span>&nbsp;<span data-service=\"twitter\" style=\"color:#115A92\" class=\"shariff-count shariff-hidezero\"><\/span>&nbsp;<\/a><\/li><li class=\"shariff-button rss shariff-nocustomcolor\" style=\"background-color:#000\"><a href=\"http:\/\/www.beweisaufnahme-homoeopathie.de\/?feed=rss\" title=\"RSS-feed\" aria-label=\"RSS-feed\" role=\"button\" class=\"shariff-link\" style=\"; background-color:#aa2e00; color:#fff\" target=\"_blank\"><span class=\"shariff-icon\" style=\"\"><svg width=\"32px\" height=\"20px\" xmlns=\"http:\/\/www.w3.org\/2000\/svg\" viewBox=\"0 0 32 32\"><path fill=\"#fe9312\" d=\"M4.3 23.5c-2.3 0-4.3 1.9-4.3 4.3 0 2.3 1.9 4.2 4.3 4.2 2.4 0 4.3-1.9 4.3-4.2 0-2.3-1.9-4.3-4.3-4.3zM0 10.9v6.1c4 0 7.7 1.6 10.6 4.4 2.8 2.8 4.4 6.6 4.4 10.6h6.2c0-11.7-9.5-21.1-21.1-21.1zM0 0v6.1c14.2 0 25.8 11.6 25.8 25.9h6.2c0-17.6-14.4-32-32-32z\"\/><\/svg><\/span><span class=\"shariff-text\">RSS-feed<\/span>&nbsp;<\/a><\/li><\/ul><\/div><p>Diese Seiten werden ver\u00f6ffentlicht von<\/p>\n<p>Dr. Norbert Aust<br \/>\nFritz-Heeg-Erasmus Stra\u00dfe 25<br \/>\n79650 Schopfheim<\/p>\n<p><strong>Kontakt:<\/strong><br \/>\nemail: dr.norbert.aust(at)t-online(punkt)de<br \/>\nDiese Emailadresse ist zum Schutz vor automatischen Spam-Generatoren verfremdet. Sie m\u00fcssen diese Adresse wie folgt ab\u00e4ndern:<br \/>\n&#8211; Punkte im Namen vor dem (at) entfallen ersatzlos<br \/>\n&#8211; die Angaben in Klammern sind durch die entsprechenden Tasten @ und . zu ersetzen.<\/p>\n<p><strong>Rechtliches:<br \/>\nHaftung:<br \/>\n<\/strong>Der Autor bem\u00fcht sich, dass alle auf dieser Webseite angebotenen Informationen aktuell, vollst\u00e4ndig und richtig sind. Dennoch kann keinerlei Gew\u00e4hr f\u00fcr die bereitgestellten Informationen \u00fcbernommen werden. Aus diesen Informationen d\u00fcrfen insbesondere keine direkten oder indirekten Ma\u00dfnahmen oder Handlungen abgeleitet werden, die Einfluss auf die Gesundheit von Menschen, Tieren oder Pflanzen haben k\u00f6nnten, ohne dass sie von einem in dem jeweiligen Fachgebiet zugelassenen Heilkundigen \u00fcberpr\u00fcft wurden und nicht negativ bewertet worden sind.<\/p>\n<p><strong>Inhalte anderer Autoren<\/strong><br \/>\nAuf der Webseite werden gelegentlich andere Webseiten verlinkt sowie Beitr\u00e4ge von anderen Autoren ver\u00f6ffentlicht. Diese stellen die Meinungen der jeweiligen Autoren dar, von denen sich der Betreiber dieser Webseite ausdr\u00fccklich distanziert. Sobald bekannt wird, dass diese gegen geltendes Recht versto\u00dfen, werden die Beitr\u00e4ge oder Verlinkungen von dieser Seite entfernt. Solange aber keine solche Kenntnisse vorliegen und die Beitr\u00e4ge nicht den Blogregeln widersprechen, werden sie auf dieser Webseite ver\u00f6ffentlicht, was aber nicht bedeutet, dass der Betreiber dieser Webseite den Inhalten anderer Autoren sachlich zustimmt oder gar f\u00fcr deren Richtigkeit b\u00fcrgt.<\/p>\n<p><strong>Verwendung:<\/strong><br \/>\nGrunds\u00e4tzlich unterliegen alle Beitr\u00e4ge dieser Seite dem Urheberrecht. Inhalte, die nicht als von anderen Autoren stammend gekennzeichnet sind, die also vom Betreiber dieser Seiten stammen, d\u00fcrfen unter den folgenden Bedingungen weiterverwendet werden:<\/p>\n<p>&#8211; Der Name des Autors wird wie in den Kontaktdaten angegeben benannt<br \/>\n&#8211; Die URL dieser Seite wird genannt<\/p>\n<p><strong>Datenschutz:<\/strong><br \/>\nDatenschutzerkl\u00e4rung siehe <a href=\"http:\/\/www.beweisaufnahme-homoeopathie.de\/?page_id=5370\">hier<\/a><\/p>\n<p><strong>Bildquellen:<\/strong><br \/>\nTitelleiste der Seiten:<br \/>\nDirk Vespermann, Wehr<br \/>\nWikimedia, Autor Tamatauenga, Motiv: Edersee<br \/>\nVerfasser, Im lesesaal der Unibibliothek Freiburg<br \/>\nQuellen f\u00fcr Bilder in den Beitr\u00e4gen werden dort genannt.<\/p>\n<p>Stand: 12.01.2020<\/p>\n","protected":false},"excerpt":{"rendered":"<p>Diese Seiten werden ver\u00f6ffentlicht von Dr. Norbert Aust Fritz-Heeg-Erasmus Stra\u00dfe 25 79650 Schopfheim Kontakt: email: dr.norbert.aust(at)t-online(punkt)de Diese Emailadresse ist zum Schutz vor automatischen Spam-Generatoren verfremdet. Sie m\u00fcssen diese Adresse wie folgt ab\u00e4ndern: &#8211; Punkte im Namen vor dem (at) entfallen &hellip; <a href=\"http:\/\/www.beweisaufnahme-homoeopathie.de\/?page_id=36\">Weiterlesen <span class=\"meta-nav\">&rarr;<\/span><\/a><\/p>\n","protected":false},"author":1,"featured_media":0,"parent":0,"menu_order":0,"comment_status":"open","ping_status":"open","template":"","meta":[],"_links":{"self":[{"href":"http:\/\/www.beweisaufnahme-homoeopathie.de\/index.php?rest_route=\/wp\/v2\/pages\/36"}],"collection":[{"href":"http:\/\/www.beweisaufnahme-homoeopathie.de\/index.php?rest_route=\/wp\/v2\/pages"}],"about":[{"href":"http:\/\/www.beweisaufnahme-homoeopathie.de\/index.php?rest_route=\/wp\/v2\/types\/page"}],"author":[{"embeddable":true,"href":"http:\/\/www.beweisaufnahme-homoeopathie.de\/index.php?rest_route=\/wp\/v2\/users\/1"}],"replies":[{"embeddable":true,"href":"http:\/\/www.beweisaufnahme-homoeopathie.de\/index.php?rest_route=%2Fwp%2Fv2%2Fcomments&post=36"}],"version-history":[{"count":9,"href":"http:\/\/www.beweisaufnahme-homoeopathie.de\/index.php?rest_route=\/wp\/v2\/pages\/36\/revisions"}],"predecessor-version":[{"id":5440,"href":"http:\/\/www.beweisaufnahme-homoeopathie.de\/index.php?rest_route=\/wp\/v2\/pages\/36\/revisions\/5440"}],"wp:attachment":[{"href":"http:\/\/www.beweisaufnahme-homoeopathie.de\/index.php?rest_route=%2Fwp%2Fv2%2Fmedia&parent=36"}],"curies":[{"name":"wp","href":"https:\/\/api.w.org\/{rel}","templated":true}]}}