{"id":132,"date":"2013-05-08T16:55:07","date_gmt":"2013-05-08T14:55:07","guid":{"rendered":"http:\/\/www.beweisaufnahme-homoeopathie.de\/Blog\/?page_id=132"},"modified":"2021-01-10T12:22:58","modified_gmt":"2021-01-10T11:22:58","slug":"links","status":"publish","type":"page","link":"http:\/\/www.beweisaufnahme-homoeopathie.de\/?page_id=132","title":{"rendered":"Links"},"content":{"rendered":"<div class=\"shariff shariff-align-flex-start shariff-widget-align-flex-start\" data-services=\"facebook%7Ctwitter\" data-url=\"http%3A%2F%2Fwww.beweisaufnahme-homoeopathie.de%2F%3Fpage_id%3D132\" data-timestamp=\"1610281378\" data-hidezero=\"1\" data-backendurl=\"?rest_route=\/shariff\/v1\/share_counts&\"><ul class=\"shariff-buttons theme-default wcag_colors orientation-horizontal buttonsize-small\"><li class=\"shariff-button facebook shariff-nocustomcolor\" style=\"background-color:#000\"><a href=\"https:\/\/www.facebook.com\/sharer\/sharer.php?u=http%3A%2F%2Fwww.beweisaufnahme-homoeopathie.de%2F%3Fpage_id%3D132\" title=\"Bei Facebook teilen\" aria-label=\"Bei Facebook teilen\" role=\"button\" rel=\"nofollow\" class=\"shariff-link\" style=\"; background-color:#38548F; color:#fff\" target=\"_blank\"><span class=\"shariff-icon\" style=\"\"><svg width=\"32px\" height=\"20px\" xmlns=\"http:\/\/www.w3.org\/2000\/svg\" viewBox=\"0 0 18 32\"><path fill=\"#3b5998\" d=\"M17.1 0.2v4.7h-2.8q-1.5 0-2.1 0.6t-0.5 1.9v3.4h5.2l-0.7 5.3h-4.5v13.6h-5.5v-13.6h-4.5v-5.3h4.5v-3.9q0-3.3 1.9-5.2t5-1.8q2.6 0 4.1 0.2z\"\/><\/svg><\/span><span class=\"shariff-text\">teilen<\/span>&nbsp;<span data-service=\"facebook\" style=\"color:#38548F\" class=\"shariff-count\"> 1<\/span>&nbsp;<\/a><\/li><li class=\"shariff-button twitter shariff-nocustomcolor\" style=\"background-color:#000\"><a href=\"https:\/\/twitter.com\/share?url=http%3A%2F%2Fwww.beweisaufnahme-homoeopathie.de%2F%3Fpage_id%3D132&text=Links\" title=\"Bei Twitter teilen\" aria-label=\"Bei Twitter teilen\" role=\"button\" rel=\"noopener nofollow\" class=\"shariff-link\" style=\"; background-color:#115A92; color:#fff\" target=\"_blank\"><span class=\"shariff-icon\" style=\"\"><svg width=\"32px\" height=\"20px\" xmlns=\"http:\/\/www.w3.org\/2000\/svg\" viewBox=\"0 0 30 32\"><path fill=\"#55acee\" d=\"M29.7 6.8q-1.2 1.8-3 3.1 0 0.3 0 0.8 0 2.5-0.7 4.9t-2.2 4.7-3.5 4-4.9 2.8-6.1 1q-5.1 0-9.3-2.7 0.6 0.1 1.5 0.1 4.3 0 7.6-2.6-2-0.1-3.5-1.2t-2.2-3q0.6 0.1 1.1 0.1 0.8 0 1.6-0.2-2.1-0.4-3.5-2.1t-1.4-3.9v-0.1q1.3 0.7 2.8 0.8-1.2-0.8-2-2.2t-0.7-2.9q0-1.7 0.8-3.1 2.3 2.8 5.5 4.5t7 1.9q-0.2-0.7-0.2-1.4 0-2.5 1.8-4.3t4.3-1.8q2.7 0 4.5 1.9 2.1-0.4 3.9-1.5-0.7 2.2-2.7 3.4 1.8-0.2 3.5-0.9z\"\/><\/svg><\/span><span class=\"shariff-text\">twittern<\/span>&nbsp;<span data-service=\"twitter\" style=\"color:#115A92\" class=\"shariff-count shariff-hidezero\"><\/span>&nbsp;<\/a><\/li><li class=\"shariff-button rss shariff-nocustomcolor\" style=\"background-color:#000\"><a href=\"http:\/\/www.beweisaufnahme-homoeopathie.de\/?feed=rss\" title=\"RSS-feed\" aria-label=\"RSS-feed\" role=\"button\" class=\"shariff-link\" style=\"; background-color:#aa2e00; color:#fff\" target=\"_blank\"><span class=\"shariff-icon\" style=\"\"><svg width=\"32px\" height=\"20px\" xmlns=\"http:\/\/www.w3.org\/2000\/svg\" viewBox=\"0 0 32 32\"><path fill=\"#fe9312\" d=\"M4.3 23.5c-2.3 0-4.3 1.9-4.3 4.3 0 2.3 1.9 4.2 4.3 4.2 2.4 0 4.3-1.9 4.3-4.2 0-2.3-1.9-4.3-4.3-4.3zM0 10.9v6.1c4 0 7.7 1.6 10.6 4.4 2.8 2.8 4.4 6.6 4.4 10.6h6.2c0-11.7-9.5-21.1-21.1-21.1zM0 0v6.1c14.2 0 25.8 11.6 25.8 25.9h6.2c0-17.6-14.4-32-32-32z\"\/><\/svg><\/span><span class=\"shariff-text\">RSS-feed<\/span>&nbsp;<\/a><\/li><\/ul><\/div><p><strong>Zur Hom\u00f6opathie<\/strong><\/p>\n<p>Diese Webseiten werden zwar offenbar von Bef\u00fcrwortern der Hom\u00f6opathie betrieben, es werden aber durchaus auch nicht nur die positiven Aspekte dargestellt. Somit k\u00f6nnen sie als solide Informationsquelle betrachtet werden:<\/p>\n<ul>\n<li>Website der <strong>Faculty of Homeopathy<\/strong>, einer Vereinigung von englischen Hom\u00f6opathen. Besonders interessant sind die unter &#8218;Research&#8216; zu erreichenden Informationen zu Foschungsergebnissen zur Hom\u00f6opathie (engl.)<br \/>\n<a href=\"http:\/\/www.facultyofhomeopathy.org\/\">Link<\/a> zur Website<\/li>\n<li>Website der <strong>Taubmann Medical Library<\/strong> der University of Michigan. Sie enth\u00e4lt eine sehr umfangreiche Sammlung \u00e4lterer deutsch- und englischsprachiger Publikationen bis ca. 1870 f\u00fcr und gegen die Hom\u00f6opathie. Man findet beispielsweise s\u00e4mtliche Schriften Hahnemanns dort.<br \/>\n<a href=\"http:\/\/quod.lib.umich.edu\/h\/homeop?key=author;page=browse\" class=\"broken_link\">Link<\/a> zur Website<\/li>\n<\/ul>\n<p><strong>Kritische Webseiten<\/strong><\/p>\n<ul>\n<li><strong>Tooth Fairy Science<\/strong> &#8211; Eine zwar ernst gemeinte aber dennoch recht vergn\u00fcgliche Auseinandersetzung mit alternativer, das hei\u00dft nicht evidenzbasierter Medizin (engl.)<br \/>\n<a href=\"http:\/\/www.csicop.org\/specialarticles\/show\/tooth_fairy_science_part_1\">Link<\/a> zur Webseite<\/li>\n<li>Der<strong> Ratio-Blog<\/strong> setzt sich mit allen m\u00f6glichen Irrt\u00fcmern, Fehlschl\u00fcssen und Fehlinformationen auseinander. Sehr lesenswerte Analysen und Berichte. Sucht man nach dem Stichwort &#8218;Oscillococcinum&#8216;, dann findet man eine recht interessante Darstellung zu den\u00a0Urspr\u00fcngen dieses heute noch vertriebenen Medikaments<br \/>\n<a href=\"http:\/\/www.ratioblog.de\/\">Link<\/a> zur Website<\/li>\n<li>Die Gesellschaft zur wissenschaftlichen Untersuchung\u00a0von Parawissenschaften (<strong>GWUP<\/strong>) unterh\u00e4lt eine Website namens <strong>Der Skeptiker<\/strong> und einen Blog die sich\u00a0ebenfalls mit allen m\u00f6glichen Parawissenschaften befassen. Die Hom\u00f6opathie ist hier eines der wesentlichen Themengebiete.<br \/>\n<a href=\"http:\/\/www.gwup.org\/\">Link<\/a> zur Website<br \/>\n<a href=\"http:\/\/blog.gwup.net\/\">Link<\/a> zum Blog<\/li>\n<li>Der Altvater der Kritik an Hom\u00f6opathie und Alternativmedizin, <strong>Edzard Ernst<\/strong>, unterh\u00e4lt ebenfalls einen Blog, auf dem er sich mit den verschiedensten Themen auseinandersetzt (engl.).<br \/>\n<a href=\"http:\/\/edzardernst.com\/\">Link<\/a> zum Blog<\/li>\n<li>Ein interessanter Blog von <strong>Joseph Kuhn<\/strong> zu gesundheitlichen &#8211; und anderen Themen<br \/>\n<a href=\"http:\/\/scienceblogs.de\/gesundheits-check\/\">Link<\/a> zum Blog<\/li>\n<\/ul>\n<p><strong>N\u00fctzliches<\/strong><\/p>\n<ul>\n<li><strong>Bleepingcomputer<\/strong> &#8211; bei allen Problemen rund um den PC gibt es eine, wie ich finde, unschlagbare Seite. Insbesondere bei jeder Form von Virenbefall bekommt man sehr schnell sehr kompetente Unterst\u00fctzung &#8211; ist allerdings in Englisch.<br \/>\n<a href=\"http:\/\/www.bleepingcomputer.com\/forums\/index.php?\">Link<\/a> zur Website<\/li>\n<li>Wer glaubt, <strong>Wasser<\/strong> sei ein einfaches Gebilde, der findet auf dieser Website eine zusammenfassende Darstellung der aus fast 2000 (!) wissenschaftlichen Publikationen zusammengetragenen Forschungsergebnisse (engl.)<br \/>\n<a href=\"http:\/\/www.lsbu.ac.uk\/water\/\" class=\"broken_link\">Link<\/a> zur Website<\/li>\n<\/ul>\n<p><strong>Vergn\u00fcgliches<\/strong><\/p>\n<ul>\n<li>Was Sie schon immer \u00fcber <strong>Gummib\u00e4rchen<\/strong> wissen wollten, wird hier erforscht:\u00a0oder interessiert es Sie nicht, warum es immer aussieht, als w\u00e4ren mehr gelbe Gummib\u00e4rchen in der T\u00fcte als\u00a0rote &#8211; und das erweist sich dann als Irrtum?<br \/>\n<a href=\"https:\/\/www.psychologie.uni-heidelberg.de\/ae\/allg\/forschun\/gb\/index.html\">Link<\/a> zur Website<\/li>\n<li>Wer sich daf\u00fcr interessiert, wo welches <strong>Schiff<\/strong> gerade herumf\u00e4hrt &#8211; vorausgesetzt nicht zu weit weg vom Land &#8211; kann sich auf dieser Webseite umtun, die die Transpondersignale auswertet, die die meisten Schiffe regelm\u00e4\u00dfig aussenden.<br \/>\n<a href=\"http:\/\/marinetraffic.com\/ais\/de\/default.aspx?centerx=30&amp;centery=25&amp;zoom=2&amp;level1=140\" class=\"broken_link\">Link<\/a> zur Webseite<\/li>\n<li>Wer nun garnichts besseres mehr zu tun hat, kann sich auf dieser Lifecam, die einmal pro\u00a0Minute upgedates\u00a0wird,\u00a0ansehen, was im <strong>Panamakanal<\/strong> gerade so l\u00e4uft&#8230;<br \/>\n<a href=\"http:\/\/www.pancanal.com\/eng\/photo\/camera-java.html\" class=\"broken_link\">Link<\/a> zur Website<\/li>\n<li>Diese Webseite warnt eindringlich vor der allgemein verkannten Gefahr, die von dem allgegenw\u00e4rtigen <strong>Dihydrogenmonoxid (DHMO), <\/strong>auch bekannt als Hydrits\u00e4ure<strong>, <\/strong>ausgeht. Leute, nehmt Euch in Acht und untersch\u00e4tzt nicht die Gefahr&#8230;<br \/>\n<a href=\"http:\/\/www.dhmo.de\/\" class=\"broken_link\">Link<\/a> zur Website<\/li>\n<\/ul>\n","protected":false},"excerpt":{"rendered":"<p>Zur Hom\u00f6opathie Diese Webseiten werden zwar offenbar von Bef\u00fcrwortern der Hom\u00f6opathie betrieben, es werden aber durchaus auch nicht nur die positiven Aspekte dargestellt. Somit k\u00f6nnen sie als solide Informationsquelle betrachtet werden: Website der Faculty of Homeopathy, einer Vereinigung von englischen &hellip; <a href=\"http:\/\/www.beweisaufnahme-homoeopathie.de\/?page_id=132\">Weiterlesen <span class=\"meta-nav\">&rarr;<\/span><\/a><\/p>\n","protected":false},"author":1,"featured_media":0,"parent":0,"menu_order":0,"comment_status":"open","ping_status":"open","template":"","meta":[],"_links":{"self":[{"href":"http:\/\/www.beweisaufnahme-homoeopathie.de\/index.php?rest_route=\/wp\/v2\/pages\/132"}],"collection":[{"href":"http:\/\/www.beweisaufnahme-homoeopathie.de\/index.php?rest_route=\/wp\/v2\/pages"}],"about":[{"href":"http:\/\/www.beweisaufnahme-homoeopathie.de\/index.php?rest_route=\/wp\/v2\/types\/page"}],"author":[{"embeddable":true,"href":"http:\/\/www.beweisaufnahme-homoeopathie.de\/index.php?rest_route=\/wp\/v2\/users\/1"}],"replies":[{"embeddable":true,"href":"http:\/\/www.beweisaufnahme-homoeopathie.de\/index.php?rest_route=%2Fwp%2Fv2%2Fcomments&post=132"}],"version-history":[{"count":24,"href":"http:\/\/www.beweisaufnahme-homoeopathie.de\/index.php?rest_route=\/wp\/v2\/pages\/132\/revisions"}],"predecessor-version":[{"id":5524,"href":"http:\/\/www.beweisaufnahme-homoeopathie.de\/index.php?rest_route=\/wp\/v2\/pages\/132\/revisions\/5524"}],"wp:attachment":[{"href":"http:\/\/www.beweisaufnahme-homoeopathie.de\/index.php?rest_route=%2Fwp%2Fv2%2Fmedia&parent=132"}],"curies":[{"name":"wp","href":"https:\/\/api.w.org\/{rel}","templated":true}]}}